 -6)/((-1)/w)?
13
Let t(w) = 12*w - 26. List the prime factors of t(11).
2, 53
Let l(v) = -v**2 - 8*v - 4. Let k be l(-3). Suppose 5*x = 69 + k. List the prime factors of x.
2
Suppose b = 3*i - 3, -3 = 4*b - 3*i - 0*i. Suppose 4*x - 28 - 24 = b. What are the prime factors of x?
13
Let b(l) = -l**3 + 3*l**2 + 2*l - 4. Let d be b(3). Suppose 4*j + 2 + 0 = -u, -u - d*j + 4 = 0. List the prime factors of (-2)/(-5) - (-36)/u.
2
What are the prime factors of (3/(-6))/((-2)/216)?
2, 3
Suppose 0*k - 24 = -4*k. Suppose 2*t = k + 4. What are the prime factors of t?
5
Let o(r) be the first derivative of -r**6/360 - r**5/12 + 7*r**4/12 + 2*r**3/3 + 1. Let c(g) be the third derivative of o(g). List the prime factors of c(-10).
2, 7
Suppose -5*l = 4*p - 362, p + 5*l + 0*l - 83 = 0. List the prime factors of p.
3, 31
Let f = 208 + -99. List the prime factors of f.
109
Let m(l) be the second derivative of -l**3/6 + l**2/2 - l. Let q = -15 - -8. What are the prime factors of m(q)?
2
Let w = 3 + 2. Let q(i) = 2 - i**3 - w*i + 0 - 6 - 3*i**2. List the prime factors of q(-3).
11
Suppose -14 = -5*d - 4. Suppose -d*h - 2 = -12. Suppose 4*w - 36 = -3*b, 0*b - h*b + 2*w + 60 = 0. List the prime factors of b.
2, 3
Suppose 192 = 4*a - a. What are the prime factors of a?
2
Let h = -34 + 172. List the prime factors of h.
2, 3, 23
Suppose 6 = 2*n, -3*n = -3*x + 1 + 35. Suppose x = 2*z - 11. List the prime factors of z.
13
Let s(h) = h**2 - h - 5. Let v be s(-4). Let c = 34 - 29. Suppose c*f = -2*y + 11, -40 - v = -4*y + f. List the prime factors of y.
13
Suppose 3*i - 4*n = -17, -i - 5*n - 42 = i. Let s = -5 - -5. List the prime factors of s/1 - (i + -1).
2, 3
Let k = -76 + 160. What are the prime factors of k?
2, 3, 7
Let f = -18 + 10. What are the prime factors of f/(2/4 - 1)?
2
Suppose 5*w + 4 + 10 = -4*r, 4*r = -4. List the prime factors of ((-9)/(-12))/(w/(-8)).
3
Let d = 4 - 4. Let a be 1/2*(d - 0). Suppose -2*f + 50 = f + 2*n, a = f - 2*n - 6. What are the prime factors of f?
2, 7
Suppose -5*u - 5*s + 690 = 0, 4*s + 64 + 74 = u. List the prime factors of u.
2, 3, 23
Suppose y - 6*y + 45 = 0. Suppose 2*l - 2*f = -5*f + 8, 5*l + 2*f - y = 0. Let i(r) = 11*r + 1. List the prime factors of i(l).
2, 3
Let u be 20/5 + (-3 - -1). What are the prime factors of -1*(-7 - 3)*u?
2, 5
Suppose -2*v + 65 = 3*v. Let h be v + 0/(-2 - -3). Let x = h + -6. List the prime factors of x.
7
Let j be (-1)/(-3) + (-80)/(-3). Suppose 0 = -3*p + j + 21. Let q = p + -10. List the prime factors of q.
2, 3
Let x(l) = l**3 - 10*l**2 + 6*l + 14. What are the prime factors of x(10)?
2, 37
What are the prime factors of 1 + (-8 + 5 - (-268 + -1))?
3, 89
Suppose 5 = v, -k - 3*v = -26 - 20. Let z = k - 7. What are the prime factors of z?
2, 3
Let m(h) = -2*h. Let t be m(-1). Let a(y) = 2*y + 49. Let r be a(0). Suppose 2*i + 3*x - r = -t*i, 4*i = -x + 43. What are the prime factors of i?
2, 5
Let b be 74/14 - 2/7. Suppose 0 = -b*h + 4*g + 35, 25 = -2*g - 3*g. Let z = 14 - h. What are the prime factors of z?
11
Suppose -2*w + 135 = 3*w. List the prime factors of w.
3
Suppose 2*f + f = 102. List the prime factors of f.
2, 17
Let p(m) = m**3 - 8*m**2 - 7*m - 2. Let z be p(9). Suppose 0 = -4*v + 3*v + z. What are the prime factors of v?
2
Let x(m) be the third derivative of -m**4/24 + m**2. Let h be x(-2). Suppose -3*y + 8 = h. What are the prime factors of y?
2
Let f = -3 + 9. Let s be (-46)/(-10) + f/15. Suppose 38 = s*y - 2*q, -4*y = 4*q - 3*q - 33. What are the prime factors of y?
2
Let z be (-19)/2 + (-3)/6. Let c be (-176)/(-20) - 2/z. Let j = -5 + c. What are the prime factors of j?
2
Suppose 3*u = 4 + 2. Suppose -2*p + 3*m + 8 = 0, u*p - 8 = -0*m + m. List the prime factors of p.
2
Let n = 223 + -37. What are the prime factors of n?
2, 3, 31
Let t be (5 + 0)*(1 + 0). Suppose t*n = -57 + 187. List the prime factors of n.
2, 13
Let x = 4 - -6. What are the prime factors of x?
2, 5
Let f(b) = b + 4. Suppose 2*p = 5*l - 20, 4*p + 0*l - 12 = -3*l. Suppose 4*x = p, 2*k - 5*x - 25 = -3*k. What are the prime factors of f(k)?
3
Let u(q) = -q**3 + 24*q**2 + 5*q + 47. List the prime factors of u(24).
167
Let j(f) = -5*f**2 - f. Let x be j(1). Let a(i) = -i - 6. Let w be a(x). Let m(u) = u + 11. What are the prime factors of m(w)?
11
Suppose -i + 3 + 2 = 0. Suppose -5*u - i = -80. List the prime factors of u.
3, 5
Let t = -32 + 76. Suppose -f + t = l + 2*l, l - 24 = -5*f. What are the prime factors of l?
2, 7
Let c be 4/26 + 1460/(-26). Let u = c + 81. What are the prime factors of u?
5
Suppose 4*f = -5 + 13. Let z be 5 + 6/(0 - f). Suppose -3 - 3 = -2*y, -y + 21 = z*x. What are the prime factors of x?
3
Let a(r) = -r**2 + 12*r - 7. What are the prime factors of a(11)?
2
Suppose z + 4*i - 20 = 5*i, 5*i = -5*z + 80. What are the prime factors of z?
2, 3
Suppose 0 = -3*d + 2*d + 26. Suppose -d = -3*p + 49. Suppose 3*t - 11 = -3*c + 58, 5*c - p = 0. What are the prime factors of t?
2, 3
Let b = 44 - -6. List the prime factors of b.
2, 5
Let p(a) = a**2 - a - 4. Let o = 0 + -1. Let h be (-2 + 1 + -2)/o. List the prime factors of p(h).
2
Suppose 0 = 3*k - 2*v - 66, -5*k - 4*v = -0*v - 110. List the prime factors of k.
2, 11
What are the prime factors of (0 - 9)*(-11 + 4)?
3, 7
Let b = 4 - 1. Suppose 2*s - 9 = -b. List the prime factors of s/4 + 106/8.
2, 7
Let z = 14 + -14. Let l(v) = -3*v - 2. Let o be l(-2). Suppose 0*a + 12 = -a - 4*p, z = p + o. What are the prime factors of a?
2
Let r(c) be the third derivative of c**8/20160 - c**6/720 - c**5/30 - c**2. Let i(u) be the third derivative of r(u). What are the prime factors of i(3)?
2
What are the prime factors of ((-14)/(-8)*-2)/(12/(-72))?
3, 7
Let o = 8 - 12. What are the prime factors of 28/2 - (6 + o)?
2, 3
Let m(b) = b**2. What are the prime factors of m(2)?
2
Let k(p) = -4*p + 25. Let l(h) = 3*h - 26. Let x(d) = -4*k(d) - 5*l(d). What are the prime factors of x(-14)?
2
Let s(r) = r**2 + 2*r + 2. Let v be s(-2). List the prime factors of 66/10 - v/(-5).
7
Suppose g + 24 = 5*g. List the prime factors of g.
2, 3
Suppose -15 = -5*i + 3*x + 20, 0 = 3*x + 15. Suppose 7*s - 3*z - 155 = 3*s, 0 = -5*s - i*z + 155. Suppose 0 = -2*c + 7*c - s. List the prime factors of c.
7
Suppose 42 = -0*y - 7*y. Suppose 2*z + 10 = -3*z, -2*t + z - 4 = 0. Let c = t - y. What are the prime factors of c?
3
Let t(c) = c**3 - 3*c**2 - 4*c + 2. Let v be t(4). Suppose -5*n - v*w = -80, -43 = -2*n - w - 10. What are the prime factors of (-79)/(-7) + (-4)/n?
11
Let u = 24 - 14. What are the prime factors of u?
2, 5
Suppose 0 = 5*q + 2*m + 91, 0*q + q + 8 = 3*m. What are the prime factors of -3*(-4)/(-6) - q?
3, 5
Suppose -4*k - 142 = -6*k. Suppose -4*m + k = -41. List the prime factors of m.
2, 7
Let o(p) = p**2 - 2*p**2 - 2*p - 7 + 3*p**2 - p**2. List the prime factors of o(7).
2, 7
Let j be 48/20 + 2/(-5). Let t be j*-3 + 3 + 2. Let c = 12 + t. What are the prime factors of c?
11
Let k be (-2)/(4*(-3)/30). Suppose -4*x + 4 = -2*l, -k - 1 = 2*x + 3*l. Suppose x*i = -i + 7. What are the prime factors of i?
7
Let b be 4*8 - (3 - 0). Let q = -17 + b. Suppose -3*i - q = -3*j - 0, 3*j = -2*i + 32. List the prime factors of j.
2
Let k(t) = t + 3. Let x(c) = 6*c**3 - c**2 - c + 1. Let y be x(1). What are the prime factors of k(y)?
2
Suppose -108 = -2*g + 4*z, 2*g + 5*z = g + 40. What are the prime factors of g?
2, 5
Let x(a) = -a + 6. Let p be (2/(-2) + 1)/1. Suppose -f + 0*f - 7 = p. List the prime factors of x(f).
13
Suppose 4 = -k, 2*l = -l - k + 350. List the prime factors of l.
2, 59
Let z = 10 + -14. Let w(n) = 7*n + 6*n**2 + 1 - 3*n + 2*n + n**3 + 2. What are the prime factors of w(z)?
11
Suppose -2*n = c + 3, -2*c = -3*n - 25 + 10. Suppose -67 = -c*l + 5*z, -15 = 2*z + z. Let b = l + 5. What are the prime factors of b?
19
Let d be ((-88)/6 + 3)*-3. Suppose s - d = x, s = -5*x + 3*x + 23. List the prime factors of s.
31
Let t(p) = -p**2 - 7*p + 7. Let n be 2 + 2/(-2) + -8. What are the prime factors of t(n)?
7
Let q(d) = -d + 6. Let h be q(6). Suppose h = -4*f + 5*c - 12, 3*f - 8*f - 2*c = -18. List the prime factors of f.
2
Let p be (-10)/((-5)/(15/6)). Let h = 10 + p. Let x = -6 + h. What are the prime factors of x?
3
Let j = 4 + 16. List the prime factors of j.
2, 5
Suppose 0 = -4